 + -2 + -1 + (24 - 18)))
53
Evaluate 7 - (20 - ((-11 - -10) + -4 + 13)).
-5
-2 + -1 + 29 + -10 + -36 + 9
-11
Evaluate (58 - 65) + -2 + 1 + (1 - 6).
-13
-69 + (96 - 11) - 24
-8
Calculate (-1 - -30) + 1299 + -1309 + -76.
-57
What is the value of 131 + 19 + -111 - 8?
31
Evaluate (-5 - -23) + 0 - (-16 + 13 - 9).
30
(1 - ((-4 - 1) + 1)) + (-15 - 5) + 13
-2
Evaluate 32 + -2 - (-21 + 22 + -18 + 9).
38
What is the value of -32 + (29 + 1 - 36)?
-38
What is the value of -20 + (73 - (74 - 25))?
4
What is 16 - -48 - (-25 + -2 + 9 - -8)?
74
-1 + ((4 + -3 - 3) + 5 - (-127 - -82))
47
Evaluate -13 + 7 - (0 - (-11 + 11 - 13)).
-19
Evaluate -7 + 104 + (6 - (-4 - -23)) + (6 - -4).
94
What is the value of (1694 - 1679) + (-1 - 28)?
-14
Evaluate -1 - 29 - ((22 - 63) + 9) - (-1 + -2).
5
Evaluate -14 - (-30 - (4 - 20) - 2).
2
What is the value of -156 + (18 - -37) + 56?
-45
What is -27 + 30 + (-23 - 11) + -28?
-59
What is 11 + -91 + (-10 - -45)?
-45
What is the value of (-4 - -2) + -31 + -50 + 192 + -143?
-34
Evaluate 46 + -39 + (9 - 4).
12
Evaluate 13 - (251 + -105 + -140).
7
Calculate 79 + (24 - 63) + -41.
-1
Calculate -293 + 331 - (-7 + 42).
3
What is the value of -35 - ((-65 - -12) + 63)?
-45
(2 + -5 - (-36 - 18)) + -417 + 410
44
What is the value of 0 + 102 + (879 - 948)?
33
Evaluate (-21 - (-21 + (25 - 26))) + 69.
70
What is the value of (-170 - -164) + (-1 - -4) + -11?
-14
What is -58 + 189 - 276 - -17?
-128
(45 - (116 - 31) - -50) + (2 - (1 - -43))
-32
What is the value of (31 - 18) + -1 + 2 + (23 - 1 - 10)?
26
What is -85 - (263 + -57 - 150)?
-141
Evaluate -15 - -18 - ((-48 - -19) + 9).
23
What is 12 + 1 - (-16 - -9 - -17 - (88 + 7))?
98
-5 - (-53 - ((45 - 8) + -46))
39
Evaluate -2872 + 2857 + 16 + 7.
8
-49 + 22 + (-26 - -13)
-40
What is 30 + (-17 - 1) - (-9 - (7 + -38))?
-10
Calculate -34 + -18 + -18 + 7 + 30.
-33
Evaluate -14 + (-21 - (-7 + -78 - -19)).
31
What is the value of -1749 + 1722 + 55 + 1?
29
Evaluate 21 - 24 - -31 - 0.
28
-15559 + 15557 + (-54 - (-1 - 1))
-54
What is (8 - (-6 + (14 + -2 - 7))) + 6?
15
Evaluate 11 - (2 + 29 - (-1 + -21)).
-42
(1 - 2 - -32) + (182 - -101 - 295)
19
7 + 2 + -19 - (-1 + -11 + 16)
-14
-6 + (108 - 111) + (1 - (2 - 0)) + -33
-43
What is -35 - (-50 + 33) - -39?
21
What is the value of (7 - (2 + 1)) + 31 + (-17 - -10) + 10?
38
What is -223 - -119 - -91 - (-2 - 27)?
16
What is the value of (28 - 17) + 0 + 4 + 13 + -7 + -31?
-10
What is 0 - -46 - (-2 + 5) - (1525 - 1515)?
33
Evaluate 11 - (-11 - -79) - (-578 - -575).
-54
(30 + (-1 - -1) - (-18 + -5 - -14)) + -7
32
What is the value of -3 + 55 + 2 + (243 - 246) - 1?
50
What is the value of -18 - (61 + -36 + 6) - (-1 - -14)?
-62
(-21 + -43 - -29) + 1
-34
What is the value of 43 + (40 - (51 - -6)) + (5 - 2)?
29
What is the value of 17 - (-9 + 8 + 78 + -10)?
-50
-105 - (-91 + (110 - 124))
0
-34 + (1 - 0 - -6) + 1491 + -1481 + -8
-25
-17 + 14 - (28 + -21 - 21)
11
Calculate -29 - (-19 - 7 - 20) - (117 + 0).
-100
Evaluate -6 - ((46 - 21) + -22 - (4 - 6)).
-11
Calculate (15 - -1) + (-24 - 110 - -25).
-93
What is the value of -13 + (4 + 25 - (-30 - -34)) + -132?
-120
What is the value of -8 + 24 + -1 + (-5 - (94 + 8))?
-92
-51 - -66 - ((38 - -3) + 2)
-28
Calculate -52 + 45 + (-147 - -63).
-91
(20 - 0) + (-12 - (-33 - -11))
30
Evaluate -9 - (21 + (-6 - 15)) - 24.
-33
What is 2 + -1 - 13 - (-17 + -9 - -29)?
-15
What is the value of 20 + -2 - (-1 + -17 + 1)?
35
What is the value of (-8 - -24 - -20) + (-4 - -2) + -5?
29
(9 - 2) + (7 - ((7 - 3) + -1))
11
Calculate -1 + 2 + -1 - (8 + -9 + 9 + -22).
14
8 + 4 + (-16 - (31 - 18))
-17
Evaluate (-34 - -4 - (-21 + 6)) + 66 - 10.
41
Calculate -38 + 0 + 14 + 58 - (-1 - -12).
23
Calculate (-654 - -647) + (-22 - -17 - (-49 - -1)).
36
Evaluate -6 + 53 - (-133 + 153).
27
Evaluate -1 + 74 - (61 - -8).
4
-23 + (-34 - -11) + -14 - (1 - 15)
-46
What is (312 - 281) + (-3 - 12) + -147?
-131
Calculate (-34 - (-2 + 9)) + 1 - (-7 + 4 - -5).
-42
Calculate -139 - ((-4 - (11 - (-2 - -12))) + -15).
-119
Calculate -19 + 101 + -5 + -17 - 8.
52
0 + 1 + (7 - (-12 - 0 - -6))
14
What is the value of 24 + -18 - 12 - (-1 + 12)?
-17
Evaluate 8 + (-1 - -2) + (-203 - -233).
39
(-12 + 0 - (402 + -403)) + -27
-38
What is the value of (17 - 24) + 15 + 4 + -14 + -5?
-7
(-2 - -12) + 57 + 40 + -161
-54
What is 10 - -1 - (23 - -15 - 51)?
24
Calculate -44 - (17 + 9 + -10 + -9 - -1).
-52
What is (46 - 34) + -7 + (-2 - 3) + 3 + -46?
-43
Evaluate (-3 - -6) + (107 - (-4 - -15)) - (197 - 209).
111
Calculate 1 + 16 + -46 - (16 - 9).
-36
(1 - (-1 - (-4 + 3 - 6 - -6))) + -33
-32
Calculate (21 - (3 - -16) - (1 + 6)) + 3.
-2
What is 2 + -11 + -95 + (-6 - -13) + (-15 - -14)?
-98
What is the value of (3 + 4 - -6) + 48?
61
Evaluate -18 + 6 + -3 + (10 - 12 - -4).
-13
Calculate (-75 - -1) + (-39 - -47) + -9.
-75
(-48 + 11 - (-61 + 38)) + 3 + -1
-12
What is 16 + -112 + 108 - 19?
-7
Calculate 0 + 1 + 112 + -99 - -10 - 3.
21
What is (-14 - 8 - -13 - (-1 - -1)) + 34 + 5?
30
What is 13 + (-39 - -34) - 49?
-41
What is the value of 1 + -2 - (-24 - ((38 - 15) + -76))?
-30
(1 - 0) + -11 - (-49 + (-13 - (-80 + 35)))
7
39 + -135 - (-14 + 4 + -24)
-62
Evaluate -8 - -24 - (26 - 48 - -41).
-3
What is the value of -5 + (-6 - 0) + (14 - 7) + 3 + -45?
-46
What is 8 - (-161 - (-31 + -15))?
123
(63 + -146 - -14) + -26
-95
-7 + (0 - 4 - ((-55 - -71) + 2))
-29
What is 6 + -53 + 2 + -6 - (288 + -279)?
-60
Evaluate 2 + 9 - ((55 + -167 - -14) + -5).
114
Calculate (99 + -105 - (25 - -1)) + 170.
138
What is -14 + (1 - 11) - -17 - (-3 + -8)?
4
What is the value of 247 - 260 - (3 + -34 + 4 + -1)?
15
(-108 - 0) + -634 + 661 + -15
-96
What is the value of -21 + (-12 - -12 - -1 - 30)?
-50
2 + -2 + 1 + -2 + -2 - (37 + -100)
60
What is the value of -24 + 17 - (-7 - (2 - 5) - -25)?
-28
Calculate (-21 - -2) + 4 + 3 + (-23 - -24).
-11
Calculate (-21 - -51 - (-3 + 2)) + -24 + 29.
36
What is 18 - (-160 + 128 + -54)?
104
Calculate 1300 + -1313 - (-3 - (1 - 2)) - -91.
80
Evaluate -6 + 4 + 46 + 0 + 11 + (64 - 72).
47
(0 - (5 + 13)) + 7 - (238 + -181)
-68
What is -8 + 2 + 40 + -47?
-13
What is -62 + (15 - 5) + (8 - 15) + -6?
-65
What is -10 - (2 + -33) - 10?
11
(-65 - 31 - -10) + -37
-123
What is the value of 2 - 69 - (1164 + -1200)?
-31
Evaluate -11 + -2 + (3 - 3) + (61 - (-24 + 46)).
26
Evaluate (31 - (68 + (14 - 64))) + (0 - 12).
1
(1147 - 1088) + 1 + -21
39
62 + -72 + 120 + -63
47
(1 - 2) + 31 + -38 + (6 - (-75 + 38))
35
What is 67 + (-97 - 2) + -11?
-43
Evaluate 27 + (8 - 17) + (57 - 70) - (-92 - 0).
97
What is (-28 - 113) + (-399 - -436)?
-104
2 - -69 - (-182 + (-76 - -216))
113
Evaluate 6 + -71 + 69 + (3 - (-5 - -1)).
11
Calculate 7 + 10 + 7 + -1 - (-41 - -22 - -11).
31
Evaluate 38 - ((-4 + 1 - (46 - 56)) + 5).
26
What is -15 + -8 + 38 + 2 + -21 + 15?
11
What is the value of (-6 - (4 - 11)) + 8 - (-99 + (44 - 21))?
85
15 + (42 + 66 + -122 - (1 - -22))
-22
225 + -227 + (-10 - -27)
15
What is (0 - -2) + 16 + (-146 - (393 - 414))?
-107
What is the value of -42 - (0 + 20 + (-166 - -40))?
64
What is 75 + (-25 - -60) + (-2 - 26)?
82
What is (66 - (-17 + 63)) + -16?
4
What is the value of 39 - (-60 - -20) - 1 - -18?
96
Evaluate (-36 - -86) + -1 - 67.
-18
0 - 99 - (203 - 256)
-46
Calculate (69 - 29) + -42 - (23 + 1).
-26
Evaluate 5 + (-27 + -77 + 91 - (-37 - -1)).
28
-19 + 2 - ((-30 - -35) + -20)
-2
What is 12721 - 12795 - (-134 - 1)?
61
Evaluate 29 + (76 - 61) - 80.
-36
What is 16 + -11 - (18 - (2 - 12))?
-23
Calculate 25 - (-87 + -33) - 43.
102
What is the value of -62 - (-11 - -104 - 202)?
47
Evaluate 5 - (4 + 11) - -5 - (948 + -926).
-27
Calculate -12 - 0 - (-1088 - -1100).
-24
Calculate (-73 + -8 - -53) + 61.
33
-11 - (12 + (-4 + -46 + -10 - 1))
38
(-25 + 14 + (8 - -5) - (5 - 99)) + -13
83
3 + 6 + (99 + -124 - (22 - 4))
-34
-32 + -7 + (-28 + 17 - ((4 - 20) + 4))
-38
-6 + 7 + 9 + -46 + (-4 - -14) + -9
-35
Calculate 2 + 0 + -3 + 220 + -237 + 78.
60
24 - (18 - -127 - 112)
-9
Calculate 5 + (5 - 16) + -53 + 12 + -8.
-55
Evaluate -13 - (6 - -1) - (2 + -1 - 8).
-13
Evaluate -83 - (-50 + -89 - -1).
55
Calculate -27 + -14 + -21 + 20 - (0 + -3).
-39
What is (-29 - (-92 + 33)) + -49?
-19
9 - -42 - (-87 + 45 + 42)
51
-36 + 19 + 31 + 1 + 4 + -2 + -3
14
-72 - -3 - ((-838 - -854) + 6 + -1)
-90
3 + 1 - (-20 + 0) - (-14 - -20)
18
-45 + (-1 - -1